{"id":16254,"date":"2026-03-31T16:43:26","date_gmt":"2026-03-31T14:43:26","guid":{"rendered":"https:\/\/www.momiboutique.it\/negozio\/?post_type=product&#038;p=16254"},"modified":"2026-04-08T10:21:20","modified_gmt":"2026-04-08T08:21:20","slug":"abito-in-popeline-ricamato","status":"publish","type":"product","link":"https:\/\/www.momiboutique.it\/negozio\/prodotto\/abito-in-popeline-ricamato\/","title":{"rendered":"Abito in popeline ricamato"},"content":{"rendered":"<p>Tessuto 100% cotone; filo ricamo 100% poliestere.<\/p>\n","protected":false},"excerpt":{"rendered":"<p>L&#8217;abito a tubino non \u00e8 mai stato cos\u00ec elegante. I ricami a filo con effetto tridimensionale aggiungono matericit\u00e0 e dettagli raffinati, che rendono speciale un design votato alla semplicit\u00e0.<\/p>\n<ul>\n<li>Abito in popeline di cotone ricamato<\/li>\n<li>Fit regolare<\/li>\n<li>Scollo stondato con bottoni a vista sul retro<\/li>\n<li>Modello smanicato<\/li>\n<li>Motivo di ricami a filo con effetto tridimensionale su tutto il capo<\/li>\n<\/ul>\n","protected":false},"featured_media":16259,"template":"","meta":{"_monsterinsights_skip_tracking":false,"_monsterinsights_sitenote_active":false,"_monsterinsights_sitenote_note":"","_monsterinsights_sitenote_category":0},"product_brand":[],"product_cat":[23,24,154],"product_tag":[27,48],"class_list":{"0":"post-16254","1":"product","2":"type-product","3":"status-publish","4":"has-post-thumbnail","6":"product_cat-abbigliamento","7":"product_cat-abiti","8":"product_cat-nuovi-arrivi","9":"product_tag-abito-corto","10":"product_tag-emme-marella","11":"yith_product_brand-emme-marella","13":"first","14":"instock","15":"taxable","16":"shipping-taxable","17":"purchasable","18":"product-type-variable"},"aioseo_notices":[],"_links":{"self":[{"href":"https:\/\/www.momiboutique.it\/negozio\/wp-json\/wp\/v2\/product\/16254","targetHints":{"allow":["GET"]}}],"collection":[{"href":"https:\/\/www.momiboutique.it\/negozio\/wp-json\/wp\/v2\/product"}],"about":[{"href":"https:\/\/www.momiboutique.it\/negozio\/wp-json\/wp\/v2\/types\/product"}],"version-history":[{"count":1,"href":"https:\/\/www.momiboutique.it\/negozio\/wp-json\/wp\/v2\/product\/16254\/revisions"}],"predecessor-version":[{"id":16261,"href":"https:\/\/www.momiboutique.it\/negozio\/wp-json\/wp\/v2\/product\/16254\/revisions\/16261"}],"wp:featuredmedia":[{"embeddable":true,"href":"https:\/\/www.momiboutique.it\/negozio\/wp-json\/wp\/v2\/media\/16259"}],"wp:attachment":[{"href":"https:\/\/www.momiboutique.it\/negozio\/wp-json\/wp\/v2\/media?parent=16254"}],"wp:term":[{"taxonomy":"product_brand","embeddable":true,"href":"https:\/\/www.momiboutique.it\/negozio\/wp-json\/wp\/v2\/product_brand?post=16254"},{"taxonomy":"product_cat","embeddable":true,"href":"https:\/\/www.momiboutique.it\/negozio\/wp-json\/wp\/v2\/product_cat?post=16254"},{"taxonomy":"product_tag","embeddable":true,"href":"https:\/\/www.momiboutique.it\/negozio\/wp-json\/wp\/v2\/product_tag?post=16254"}],"curies":[{"name":"wp","href":"https:\/\/api.w.org\/{rel}","templated":true}]}}